{"id":42,"date":"2010-08-23T19:17:39","date_gmt":"2010-08-24T02:17:39","guid":{"rendered":"http:\/\/rttheme10.templatemints.com\/?page_id=42"},"modified":"2026-03-13T18:37:43","modified_gmt":"2026-03-13T16:37:43","slug":"company-blog","status":"publish","type":"page","link":"https:\/\/www.werner-eismann.de\/?page_id=42","title":{"rendered":"Ausstellungen:"},"content":{"rendered":"\n\n\n\n<p style=\"font-size:21px\">Ausstellungen 2026<\/p>\n\n\n<p>\u00a0<\/p>\n<p>8 \u2013 2026 \u2013 Schatten von Butscha, Irpin und Kiew<br \/>Rathaus<br \/>Ritterstra\u00dfe\u00a0<br data-rich-text-line-break=\"true\" \/>35279 Neustadt<br data-rich-text-line-break=\"true\" \/>von: Juni&#8230; In Planung&#8230;<br data-rich-text-line-break=\"true\" \/>Vernissage:<\/p>\n<p>7 \u2013 2026 \u2013 Schatten von Butscha, Irpin und Kiew<br \/>Zenthofstr. 41\u00a0<br data-rich-text-line-break=\"true\" \/>55252 Wiesbaden<br data-rich-text-line-break=\"true\" \/>B\u00fcrgerhaus Mainz-Kastel<br data-rich-text-line-break=\"true\" \/>Vernissage: 19. Februar 18:00 Uhr<\/p>\n<p>6 \u2013 2026 \u2013 Emil von Behring Schule<br \/>Visuelle Poesie<br \/>Turnergarten Sybelstra\u00dfe 9<br data-rich-text-line-break=\"true\" \/>35037 Marburg<br data-rich-text-line-break=\"true\" \/>17. Januar &#8211; 11. Februar<br data-rich-text-line-break=\"true\" \/>Vernissage: 17. Januar 11:00 Uhr<br \/>Finissage: 11. Februar 18:30 Uhr<\/p>\n<p>5 &#8211; 2026 \u2013 Dauerausstellung<br data-rich-text-line-break=\"true\" \/>Physiotherapie Eismann<br data-rich-text-line-break=\"true\" \/>Am Markt 15<br data-rich-text-line-break=\"true\" \/>36251 Bad Hersfeld<br data-rich-text-line-break=\"true\" \/>Zu den \u00d6ffnungszeiten<\/p>\n\n\n\n\n\n\n<p>4 &#8211; 2026 \u2013 Dauerausstellung<br>Physiotherapie Praxis A. Archinal &amp; N.Lange<br>Schulstra\u00dfe 10<br>35274 Kirchhain<br>Zu den \u00d6ffnungszeiten<\/p>\n\n\n\n<p>3 \u2013 2026 \u2013 Dauerausstellung<br>Treppe 4 \u2013 Haus der Sozialwirtschaft<br>Treppenstra\u00dfe 4<br>34117 Kassel<br>Zu den \u00d6ffnungszeiten<\/p>\n\n\n\n<p>2 \u2013 2026 \u2013 Dauerausstellung<br>Steinbeis-Transfer-Institut Studienzentrum Marburg<br>Business Academy Marburg GmbH<br>Neue Kasseler Stra\u00dfe 62b<br>35039 Marburg<br>Zu den \u00d6ffnungszeiten<\/p>\n\n\n\n<p>1 \u2013 2026 \u2013 Dauerausstellung<br>Z &#8211; Die Zahn\u00e4rzte<br>Neue Kasseler Strasse 62c-d<br>35039 Marburg<br>Zu den \u00d6ffnungszeiten<\/p>\n\n\n\n<p style=\"font-size:21px\">Ausstellungen 2025<\/p>\n\n\n\n<p>8 \u2013 2025 \u2013 Schatten von Butscha, Irpin und Kiew<br>Lutherische Pfarrkirche<br>35037 Marburg<br>07. Februar &#8211; 02. M\u00e4rz<br>Vernissage: 07. Februar 18:00 Uhr<br>Zu den \u00d6ffnungszeiten t\u00e4glich 08:00 &#8211; 18:00 Uhr<\/p>\n\n\n\n<p>7 &#8211; 2025 \u2013 Dauerausstellung<br>Physiotherapie Eismann<br>Am Markt 15<br>36251 Bad Hersfeld<br>Zu den \u00d6ffnungszeiten<\/p>\n\n\n\n<p>6 &#8211; 2025 \u2013 Dauerausstellung<br>Bank f\u00fcr Sozialwirtschaft<br>Obere K\u00f6nigsstra\u00dfe 30<br>34117 Kassel<br>Zu den \u00d6ffnungszeiten<\/p>\n\n\n\n<p>5 &#8211; 2025 \u2013 Dauerausstellung<br>Physiotherapie Praxis A. Archinal &amp; N.Lange<br>Schulstra\u00dfe 10<br>35274 Kirchhain<br>Zu den \u00d6ffnungszeiten<\/p>\n\n\n\n<p>4 \u2013 2025 \u2013 Dauerausstellung<br>Gemeinschaftspraxis<br>L\u00f6bestrasse 17 A<br>35390 Gie\u00dfen<br>Zu den \u00d6ffnungszeiten<\/p>\n\n\n\n<p>3 \u2013 2025 \u2013 Dauerausstellung<br>Treppe 4 \u2013 Haus der Sozialwirtschaft<br>Treppenstra\u00dfe 4<br>34117 Kassel<br>Zu den \u00d6ffnungszeiten<\/p>\n\n\n\n<p>2 \u2013 2025 \u2013 Dauerausstellung<br>Steinbeis-Transfer-Institut Studienzentrum Marburg<br>Business Academy Marburg GmbH<br>Neue Kasseler Stra\u00dfe 62b<br>35039 Marburg<br>Zu den \u00d6ffnungszeiten<\/p>\n\n\n\n<p>1 \u2013 2025 \u2013 Dauerausstellung<br>Z &#8211; Die Zahn\u00e4rzte<br>Neue Kasseler Strasse 62c-d<br>35039 Marburg<br>Zu den \u00d6ffnungszeiten<\/p>\n\n\n\n\n\n\n\n<div class=\"wp-block-group\"><div class=\"wp-block-group__inner-container\">\n<p style=\"font-size:21px\">Ausstellungen 2024<\/p>\n\n\n\n<p>10 &#8211; 2024 &#8211; Flu\u00df mit Flair<br>L\u00f6berstrasse Stand 103 und 104<br>35390 Gie\u00dfen <\/p>\n\n\n\n<p>07. Juli 11:00 Uhr -18:30 Uhr<\/p>\n\n\n\n\n\n\n\n<p>9 &#8211; 2024 &#8211; Drive in Ausstellung<br>Tiefgarage Stadthalle<br>35260 Stadtallendorf<br>06. und 07. Juli 13:00 Uhr bis 18:00 Uhr<\/p>\n\n\n\n<p>8 \u2013 2024 \u2013 Vita Fitness<br>Gesundheitszentrun Marburg<br>Am Krekel 49<br>35039 Marburg<\/p>\n\n\n\n<p>Jan. 2024 bis Juni 2024&#8230; Zu den \u00d6ffnungszeiten<\/p>\n\n\n\n<p>7 &#8211; 2024 \u2013 Dauerausstellung<br>Physiotherapie Eismann<br>Am Markt 15<br>36251 Bad Hersfeld<br>Zu den \u00d6ffnungszeiten<\/p>\n\n\n\n<p>6 &#8211; 2024 \u2013 Dauerausstellung<br>Bank f\u00fcr Sozialwirtschaft<br>Obere K\u00f6nigsstra\u00dfe 30<br>34117 Kassel<br>Zu den \u00d6ffnungszeiten<\/p>\n\n\n\n<p>5 &#8211; 2024 \u2013 Dauerausstellung<br>Physiotherapie Praxis A. Archinal &amp; N.Lange<br>Schulstra\u00dfe 10<br>35274 Kirchhain<br>Zu den \u00d6ffnungszeiten<\/p>\n\n\n\n<p>4 \u2013 2024 \u2013 Dauerausstellung<br>Gemeinschaftspraxis<br>L\u00f6bestrasse 17 A<br>35390 Gie\u00dfen<br>Zu den \u00d6ffnungszeiten<\/p>\n\n\n\n<p>3 \u2013 2024 \u2013 Dauerausstellung<br>Treppe 4 \u2013 Haus der Sozialwirtschaft<br>Treppenstra\u00dfe 4<br>34117 Kassel<br>Zu den \u00d6ffnungszeiten<\/p>\n\n\n\n<p>2 \u2013 2024 \u2013 Dauerausstellung<br>Steinbeis-Transfer-Institut Studienzentrum Marburg<br>Business Academy Marburg GmbH<br>Neue Kasseler Stra\u00dfe 62b<br>35039 Marburg<br>Zu den \u00d6ffnungszeiten<\/p>\n\n\n\n<p>1 \u2013 2024 \u2013 Dauerausstellung<br>Z &#8211; Die Zahn\u00e4rzte<br>Neue Kasseler Strasse 62c-d<br>35039 Marburg<br>Zu den \u00d6ffnungszeiten<\/p>\n\n\n\n\n\n\n\n<p style=\"font-size:21px\">Ausstellungen 2023<\/p>\n\n\n\n<p>10 \u2013 2023 \u2013 3. Kunstausstellung &#8211; 17. Sept. &#8211; 01. Okt.<br>Markthalle Kirchhain<br>SPECTRUM 37 GRAD<br>M\u00fchlgasse 19<br>35274 Kirchhain<\/p>\n\n\n\n<p>9 \u2013 2023 \u2013 Kulturscheune Herborn<br>Austra\u00dfe 87<br>35745 Herborn &nbsp;<br>14. Jan. &#8211; 30. M\u00e4rz. 2023  Vernissage 14. Jan. 18:00 Uhr<\/p>\n\n\n\n\n\n\n\n<p>8 \u2013 2023 \u2013 Vita Fitness<br>Gesundheitszentrun Marburg<br>Am Krekel 49<br>35039 Marburg<\/p>\n\n\n\n<ol start=\"8\"><li>Dez. \u2013 30. Jan. 2023 Zu den \u00d6ffnungszeiten<\/li><\/ol>\n\n\n\n<p>7 &#8211; 2023 \u2013 Dauerausstellung<br>Physiotherapie Eismann<br>Am Markt 15<br>36251 Bad Hersfeld<br>Zu den \u00d6ffnungszeiten<\/p>\n\n\n\n<p>6 &#8211; 2023 \u2013 Dauerausstellung<br>Bank f\u00fcr Sozialwirtschaft<br>Obere K\u00f6nigsstra\u00dfe 30<br>34117 Kassel<br>Zu den \u00d6ffnungszeiten<\/p>\n\n\n\n<p>5 &#8211; 2023 \u2013 Dauerausstellung<br>Physiotherapie Praxis A. Archinal &amp; N.Lange<br>Schulstra\u00dfe 10<br>35274 Kirchhain<br>Zu den \u00d6ffnungszeiten<\/p>\n\n\n\n<p>4 \u2013 2023 \u2013 Dauerausstellung<br>Gemeinschaftspraxis<br>L\u00f6bestrasse 17 A<br>35390 Giessen<br>Zu den \u00d6ffnungszeiten<\/p>\n\n\n\n<p>3 \u2013 2023 \u2013 Dauerausstellung<br>Treppe 4 \u2013 Haus der Sozialwirtschaft<br>Treppenstra\u00dfe 4<br>34117 Kassel<br>Zu den \u00d6ffnungszeiten<\/p>\n\n\n\n<p>2 \u2013 2023 \u2013 Dauerausstellung<br>Steinbeis-Transfer-Institut Studienzentrum Marburg<br>Business Academy Marburg GmbH<br>Neue Kasseler Stra\u00dfe 62b<br>35039 Marburg<br>Zu den \u00d6ffnungszeiten<\/p>\n\n\n\n<p>1 \u2013 2023 \u2013 Dauerausstellung<br>Z &#8211; Die Zahn\u00e4rzte<br>Neue Kasseler Strasse 62c-d<br>35039 Marburg<br>Zu den \u00d6ffnungszeiten<\/p>\n\n\n\n<p style=\"font-size:21px\">Ausstellungen 2022<\/p>\n\n\n\n<p>9 \u2013 2022 \u2013 Vita Fitness<br>Gesundheitszentrun Marburg<br>Am Krekel 49<br>35039 Marburg<br>08. Dez. &#8211; 30. Jan. 2023  Zu den \u00d6ffnungszeiten<\/p>\n\n\n\n<p>8 \u2013 2022 \u2013 2. Kunstausstellung<br>Markthalle Kirchhain<br>SPECTRUM 37 GRAD<br>M\u00fchlgasse 19<br>35274 Kirchhain<\/p>\n\n\n\n<ol start=\"25\"><li>Aug. &#8211; 06. Sept. immer 14:00 &#8211; 20:00 Uhr<\/li><\/ol>\n\n\n\n<p><span style=\"text-decoration: underline;\">7 &#8211; 2022<\/span> \u2013 Dauerausstellung<br>Physiotherapie Eismann<br>Am Markt 15<br>36251 Bad Hersfeld<br>Zu den \u00d6ffnungszeiten<\/p>\n\n\n\n<p>6 &#8211; 2022 \u2013 Dauerausstellung<br>Bank f\u00fcr Sozialwirtschaft<br>Obere K\u00f6nigsstra\u00dfe 30<br>34117 Kassel<br>Zu den \u00d6ffnungszeiten<\/p>\n\n\n\n<p>5 &#8211; 2022 \u2013 Dauerausstellung<br>Physiotherapie Praxis A. Archinal &amp; N.Lange<br>Schulstra\u00dfe 10<br>35274 Kirchhain<br>Zu den \u00d6ffnungszeiten<\/p>\n\n\n\n<p>4 \u2013 2022 \u2013 Dauerausstellung<br>Gemeinschaftspraxis<br>L\u00f6bestrasse 17 A<br>35390 Giessen<br>Zu den \u00d6ffnungszeiten<\/p>\n\n\n\n<p><span style=\"text-decoration: underline;\">3 \u2013 2022 \u2013 Dauerausstellung<\/span><br>Treppe 4 \u2013 Haus der Sozialwirtschaft<br>Treppenstra\u00dfe 4<br>34117 Kassel<br>Zu den \u00d6ffnungszeiten<\/p>\n\n\n\n<p><span style=\"text-decoration: underline;\">2 \u2013 2022 \u2013 Dauerausstellung<\/span><br>Steinbeis-Transfer-Institut Studienzentrum Marburg<br>Business Academy Marburg GmbH<br>Neue Kasseler Stra\u00dfe 62b<br>35039 Marburg<br>Zu den \u00d6ffnungszeiten<\/p>\n\n\n\n<p><span style=\"text-decoration: underline;\">1 \u2013 2022 \u2013 Dauerausstellung<\/span><br>Z &#8211; Die Zahn\u00e4rzte<br>Neue Kasseler Strasse 62c-d<br>35039 Marburg<br>Zu den \u00d6ffnungszeiten<\/p>\n\n\n\n<h4><span style=\"color: #000000;\"><span style=\"text-decoration: underline; color: #ffffff;\">Ausstellungen 2021<\/span>.<\/span><\/h4>\n\n\n\n\n\n\n\n<p><span style=\"text-decoration: underline;\">9 &#8211; 2021<\/span><br>Kultur Scheune Herborn e.V.<br>Austra\u00dfe 87<br>35745 Herborn<br>18. September bis 31. Oktober 2021 <br>Vernissage 18. September 17:00 Uhr. F\u00e4llt leider aus <\/p>\n\n\n\n<p><span style=\"text-decoration: underline;\">8 &#8211; 2021<\/span><br>Atelier Altes S\u00e4gewerk<br>Im Sand 14<br>35282 Rauschenberg<br>05. 06. und 11. 12. September 11.00 bis 17:00 Uhr<\/p>\n\n\n\n<p><span style=\"text-decoration: underline;\">7 &#8211; 2021<\/span><br>Kunstfenster Stadthalle 24\/7 <br>Bahnhofstra\u00dfe 2<br>35260 Stadtallendorf<br>01.August bis zum 16.September<br>Zu den \u00d6ffnungszeiten<\/p>\n\n\n\n<p><span style=\"text-decoration: underline;\">6 &#8211; 2021<\/span> \u2013 Dauerausstellung<br>Bank f\u00fcr Sozialwirtschaft<br>Obere K\u00f6nigsstra\u00dfe 30<br>34117 Kassel<br>Zu den \u00d6ffnungszeiten<\/p>\n\n\n\n<p>5 &#8211; 2021 \u2013 Dauerausstellung<br>Physiotherapie Praxis A. Archinal &amp; N.Lange<br>Schulstra\u00dfe 10<br>35274 Kirchhain<br>Zu den \u00d6ffnungszeiten<\/p>\n\n\n\n<p>4 \u2013 2021 \u2013 Dauerausstellung<br>Gemeinschaftspraxis<br>L\u00f6bestrasse 17 A<br>35390 Giessen<br>Zu den \u00d6ffnungszeiten<\/p>\n\n\n\n<p><span style=\"text-decoration: underline;\">3 \u2013 2021 \u2013 Dauerausstellung<\/span><br>Treppe 4 \u2013 Haus der Sozialwirtschaft<br>Treppenstra\u00dfe 4<br>34117 Kassel<br>Zu den \u00d6ffnungszeiten<\/p>\n\n\n\n<p><span style=\"text-decoration: underline;\">2 \u2013 2021 \u2013 Dauerausstellung<\/span><br>Steinbeis-Transfer-Institut Studienzentrum Marburg<br>Business Academy Marburg GmbH<br>Neue Kasseler Stra\u00dfe 62b<br>35039 Marburg<br>Zu den \u00d6ffnungszeiten<\/p>\n\n\n\n<p><span style=\"text-decoration: underline;\">1 \u2013 2021 \u2013 Dauerausstellung<\/span><br>Z &#8211; Die Zahn\u00e4rzte<br>Neue Kasseler Strasse 62c-d<br>35039 Marburg<br>Zu den \u00d6ffnungszeiten<\/p>\n\n\n\n<pre class=\"wp-block-preformatted\"><\/pre>\n\n\n\n\n<\/div><\/div>\n\n\n","protected":false},"excerpt":{"rendered":"<p>Ausstellungen 2026 \u00a0 8 \u2013 2026 \u2013 Schatten von Butscha, Irpin und KiewRathausRitterstra\u00dfe\u00a035279 Neustadtvon: Juni&#8230; In Planung&#8230;Vernissage: 7 \u2013 2026 \u2013 Schatten von Butscha, Irpin und KiewZenthofstr. 41\u00a055252 WiesbadenB\u00fcrgerhaus Mainz-KastelVernissage: 19. Februar 18:00 Uhr 6 \u2013 2026 \u2013 Emil von Behring SchuleVisuelle PoesieTurnergarten Sybelstra\u00dfe 935037 Marburg17. Januar &#8211; 11. FebruarVernissage: 17. Januar 11:00 UhrFinissage: 11. [&hellip;]<\/p>\n","protected":false},"author":1,"featured_media":0,"parent":0,"menu_order":0,"comment_status":"open","ping_status":"open","template":"","meta":[],"_links":{"self":[{"href":"https:\/\/www.werner-eismann.de\/index.php?rest_route=\/wp\/v2\/pages\/42"}],"collection":[{"href":"https:\/\/www.werner-eismann.de\/index.php?rest_route=\/wp\/v2\/pages"}],"about":[{"href":"https:\/\/www.werner-eismann.de\/index.php?rest_route=\/wp\/v2\/types\/page"}],"author":[{"embeddable":true,"href":"https:\/\/www.werner-eismann.de\/index.php?rest_route=\/wp\/v2\/users\/1"}],"replies":[{"embeddable":true,"href":"https:\/\/www.werner-eismann.de\/index.php?rest_route=%2Fwp%2Fv2%2Fcomments&post=42"}],"version-history":[{"count":208,"href":"https:\/\/www.werner-eismann.de\/index.php?rest_route=\/wp\/v2\/pages\/42\/revisions"}],"predecessor-version":[{"id":3117,"href":"https:\/\/www.werner-eismann.de\/index.php?rest_route=\/wp\/v2\/pages\/42\/revisions\/3117"}],"wp:attachment":[{"href":"https:\/\/www.werner-eismann.de\/index.php?rest_route=%2Fwp%2Fv2%2Fmedia&parent=42"}],"curies":[{"name":"wp","href":"https:\/\/api.w.org\/{rel}","templated":true}]}}